*o**3 - 52*o**2 + 16*o + 11. Let b = 17219 - 17202. Calculate r(b).
-6
Let k(d) = 15*d - 238. Let j(c) = 2*c**3 + 17*c**2 - 32*c - 4. Let x be j(-10). What is k(x)?
2
Suppose 4*x = -5*p + 52, 2*p - 4*x = -7*x + 25. Let d(f) = -f**3 + 8*f**2 + f + 2. Calculate d(p).
10
Let v be (-8)/(-2) - 8/(-40)*0. Let i(l) be the second derivative of -2*l**2 + 1/12*l**v + 0 - 44*l + 5/6*l**3. Calculate i(-4).
-8
Let l = 5467 - 5473. Let t(b) = 4*b + 14. What is t(l)?
-10
Let b(d) = -d**3 + 18*d**2 - 52*d**2 + 13*d**2 - 8 + 19*d**2 - 7*d + 12*d**2. Determine b(9).
10
Let v be (14 - 4)/(1/6 + (-196)/(-84)). Let b(z) = -2*z**3 + 4*z**2 + z + 4. Give b(v).
-56
Let h(b) = -b**2 + 5*b + 4. Suppose -10*n + 45 = 5*n. Suppose -3*f = -n - 12. Give h(f).
4
Let u be 24/(-80)*-8 + 4/(-10). Let m(p) be the first derivative of 13*p**2/2 + p - 276. Calculate m(u).
27
Let b(t) be the third derivative of 0*t - 1/60*t**5 - 5/24*t**4 - 1/3*t**3 + 0 + 3*t**2. Suppose -62 = 4*l - 42. Give b(l).
-2
Let j(n) = 190*n + 9. Let o(t) = -666*t - 26. Let c(l) = -7*j(l) - 2*o(l). Suppose 4*i - 18 = 18. Calculate c(i).
7
Suppose 6*l = l + 65 - 45. Let u(t) = -t**3 + 3*t**2 + 10*t - 14. What is u(l)?
10
Let q(t) = -56*t**2 - 3. Let x be q(-2). Let w = x - -226. Let r(d) = -4*d + 1. What is r(w)?
5
Let n(k) = -8*k + k**3 - 2612 + 6*k**2 + 2612 + k**2. Let z(q) = -2*q**3 - 8*q**2 + 10*q. Let j(w) = 3*n(w) + 2*z(w). Calculate j(3).
6
Let l(m) = m**3 - 2*m**2 - 3*m - 2. Suppose 16*c + 336 = 13*c. Let w = 115 + c. Give l(w).
-2
Let u(v) = -v**3 - 2*v**2 - v. Let c(d) = -3*d**3 - 11*d**2 + 2*d - 133. Let t(h) = c(h) - 4*u(h). Let p(l) be the first derivative of t(l). What is p(2)?
6
Let a(r) = -2*r - 4. Let x(g) = g + 6. Let y(p) = 3*a(p) + 4*x(p). Let b be (-9)/2*(3 - 33/9). Let m(u) = -5*u + 23. Let c(k) = b*m(k) - 7*y(k). Give c(-7).
-8
Let l(z) be the first derivative of -z**2/2 + 5*z + 718. Let m(v) = -v + 15. Suppose -36 = f - 5*f. Let p be m(f). Give l(p).
-1
Let r(p) = -p - 7. Let t(l) = 30*l**2 + 8*l + 23. Let n(s) = 20*s**2 + 6*s + 16. Let h(v) = -7*n(v) + 5*t(v). Let j be h(1). What is r(j)?
-18
Let l(w) be the third derivative of -w**6/180 + w**4/6 - 76*w**3/3 + 48*w**2. Let d(n) be the first derivative of l(n). What is d(-3)?
-14
Let n(x) be the first derivative of -x**3/3 - 5*x**2/2 + 7*x + 12. Let j be 1*2*(-3)/6. Let l be j/((-52)/(-24) - 2). What is n(l)?
1
Let q(j) = j**3 - 18*j**2 + 3*j + 30. Let w be q(18). Let x = -80 + w. Let g be (15/(-9) - 2/(-3)) + x. Let h(m) = -m**2 + 4*m. Calculate h(g).
3
Let r(j) = -5*j**2 + 7*j - 6. Suppose v + 5*w = 69 - 95, 3*w = -2*v - 10. What is r(v)?
-58
Let i = 1 + -7. Let g be (-6 + i/(-12))*2. Let z(s) be the third derivative of -s**5/60 - 5*s**4/12 + 2*s**3 - s**2. What is z(g)?
1
Let r(v) = -12*v**3 - 27*v**3 + 0*v**2 - 4*v**3 + 1 - 2*v**2. Let s = -19286 + 19285. Give r(s).
42
Let o(a) = -a**3 - 3*a**2 - a + 2. Let v(c) = 2*c**2 - 18*c - 66. Let j be v(-4). Suppose j = 4*t + 46. Give o(t).
0
Let o(f) be the second derivative of f**3/6 - 17*f**2 + f - 261. Calculate o(25).
-9
Let y(b) = -b**3 + 4*b**2 + b + 4. Let l(v) = -v**3. Let f(a) = 2*l(a) - y(a). Suppose 2*r = -12*m - 66, 88*m - 2*r = 89*m + 22. What is f(m)?
0
Let r(n) = -n**2 + 4*n. Let y(j) = j**2 - 8*j - 36. Let k be y(-7). Let c = k - 64. Give r(c).
-5
Suppose -i - 5*y = -2*i - 141, -2*i - y = 282. Let x = 148 + i. Let k(m) be the third derivative of -m**6/120 + 2*m**5/15 - m**4/4 - m**3/6 - m**2. Give k(x).
6
Let n(p) = 6*p + 1. Let s(y) = -7*y + 23. Let o(z) = -n(z) - s(z). Determine o(8).
-16
Let y(j) = -j**3 - 2*j**2 - j - 2. Let u(k) = -k**3 + 12*k**2 - 10*k + 3. Let i be u(10). Let g = 103 - i. Determine y(g).
-2
Suppose 3*g + v - 20 = 50, 0 = -2*g + 3*v + 43. Suppose 0 = -7*y + 61 + g. Let c = y + -10. Let w(s) = s**2 + s - 2. Calculate w(c).
4
Let c(x) = -2*x + 42. Let t be 46 + 0 - (-35 + 27). Suppose -s + 2*h + 15 = 0, 3*s = s - 4*h + t. Give c(s).
0
Let t(d) = d - 5. Suppose 343*y = 342*y - 12. Give t(y).
-17
Let j(h) = -h**2 + 11*h + 106. Let p be j(17). Suppose -80 = 5*r - 5*y, -1 - 7 = 2*r + p*y. Let m(d) = d**3 + 12*d**2 + d + 10. What is m(r)?
-2
Let r(b) = -b**2 - 11*b + 17. Let m = 191 - 189. Suppose 0 = -2*i + m*o - 20, -8*o = -10*o - 4. Give r(i).
5
Let j be 0 + -1 + 2 - 1. Suppose j = v + 2*v. Let p(y) = -4*y - 381. Let n(z) = -z - 124. Let d(g) = -3*n(g) + p(g). Calculate d(v).
-9
Let u(a) = -69*a - 139. Let q(y) = -y**2 + 17*y - 74. Let j be q(8). Determine u(j).
-1
Let l be (-72)/18 - (-1 - -25). Let h = l - -42. Let f(x) = -x**3 + 13*x**2 + 14*x + 7. Determine f(h).
7
Let k(y) = -91*y + 63. Let z(l) = 75*l - 64. Let x(f) = 4*k(f) + 5*z(f). What is x(6)?
-2
Suppose 4*c - 5*d + 119 = 0, -179*d = 6*c - 183*d + 154. Let p(v) = -2*v - 55. Give p(c).
-13
Let d(l) = 13*l + 12. Let b(j) = 22*j + 19. Let i(q) = 5*b(q) - 8*d(q). Calculate i(-2).
-13
Let t(k) = k**2 - 6*k - 5. Suppose 240 = -3*m - 3*q, -2*q - 17 + 325 = -4*m. Suppose -341 = -4*u + 3*b, 263 = 4*u - 2*b - 79. Let j = u + m. Determine t(j).
11
Let o(b) = -b**2 + 1. Suppose -5 = 4*n + 2*d - 13, 0 = -4*d + 16. Suppose -t - 7 + 8 = n. Let k be (t + -1)/(1 + -2 - -2). What is o(k)?
1
Let k(o) = -3*o**2 + 0*o**2 + 3 + 8*o**2 + 11*o. Let i(p) = -p**2 - p + 1. Let x(b) = -4*i(b) - k(b). Let j = -649 + 643. Give x(j).
-1
Let l(g) be the third derivative of -g**6/120 - 3*g**5/20 + 11*g**4/24 + g**3/3 + 308*g**2. Give l(-10).
-8
Let h(l) be the first derivative of l**3/3 + l**2 - l - 5270. Let m be (-2)/3*(-9)/2. Calculate h(m).
14
Let t(h) = -h**3 - 9*h**2 - 7*h - 4. Suppose 23*j - 44 = 28*j + 3*v, 2*j - v = -11. Calculate t(j).
-53
Let t(v) = -36*v**2 + 2*v + 1. Let l(i) = -109*i**2 + i - 6. Let a(g) = 2*l(g) - 6*t(g). What is a(-4)?
-10
Suppose -82 = 2*c - 88. Suppose 0 = -4*w + 5*w - 5. Suppose -3*i = -w*k + 7, -3*i - k = -2*i - c. Let m(o) = -7*o**2 + o. Give m(i).
-6
Let u = -154 - -301. Let g(i) = u - i - 147. Determine g(-2).
2
Let l(p) = 16*p - 8*p - 4*p - 5*p - 4. Suppose -6*n + 2*n + 3*n = 0. Suppose 0 = -2*x - 4*w, n*w + 4*w = x. Calculate l(x).
-4
Let v(d) = -3 - 7*d**2 - 2 - 24*d + d**3 + 32*d + 6. Let q be ((3/(-7))/1)/(3/(-42)). Give v(q).
13
Let a(b) = 2*b - 19. Suppose -g + 11 = 5*t + 17, -g + 3*t = -10. Give a(g).
-11
Let t(j) = -j**2 + j + 1. Suppose -4*c = -5*c + 2. Suppose 4*q - c*n + 12 = 2*q, 0 = -4*n - 16. Let w be 2*2/(-10)*q. Determine t(w).
-11
Let m(h) = -113*h**3 + 309*h**2 - 29*h + 4. Let r(s) = 16*s**3 - 44*s**2 + 4*s - 1. Let c(z) = -2*m(z) - 15*r(z). Calculate c(3).
1
Let c(h) be the third derivative of h**5/60 - h**4/24 + 16*h**3/3 + 36*h**2 + 1. Let j be (-140 + 140)*(0 + -1). Calculate c(j).
32
Let l be 2/4*(-160)/(-8) + 3. Let h(f) = -7 - l*f - 4*f + 13*f. Determine h(-6).
17
Let v(q) = -q - 24. Let d be (33/(-33))/(2/22). What is v(d)?
-13
Suppose 6*z = z + 530. Let t = 177 - z. Let p(d) = -76 - d**3 + 3*d**2 + 145 - t + 4*d. Determine p(4).
-2
Let h(v) be the first derivative of -v**3/3 - 5*v**2/2 - 3*v - 862. Give h(-5).
-3
Let k(f) = -f - 2. Let s be (-2)/(-3)*(30 - 27). Suppose s*b = -12*b + 70. Calculate k(b).
-7
Let j = 2543 + -2544. Let m(r) = -1 + 1 + 20*r. Determine m(j).
-20
Let g(t) = -3*t**2 - 5*t + 1. Let r(a) = -4*a**2 - 5*a + 1. Let q(h) = -3*g(h) + 2*r(h). Suppose -5*d - 32 = 11*l - 9*l, -5*d - l = 31. Calculate q(d).
5
Let r(x) = -416*x + 217*x + 115*x + 172*x - 268. Calculate r(3).
-4
Let u(g) be the first derivative of g**3/3 - 12*g**2 + 20*g + 1383. Calculate u(23).
-3
Let h(l) = -13*l + 168. Let r(d) = 3*d - 38. Let f(c) = -2*h(c) - 9*r(c). Let a(s) = -s**2 - 8*s. Let u be a(-8). Determine f(u).
6
Let x = 12 - 7. Suppose -5*d = -x*z, -4*z + 0*z + 3*d - 5 = 0. Let c(w) be the third derivative of w**5/60 + 7*w**4/24 + w**3/3 + 2*w**2. What is c(z)?
-8
Let d(a) be the second derivative of a + 0 + 1/12*a**4 - 5/6*a**3 - 5*a**2. Suppose -5*v - 18 + 68 = 5*l, -2*l = -6. What is d(v)?
4
Let j(v) = 53 + 74*v**2 - 28*v - 32*v**2 - 48 - 139 - 43*v**2. Calculate j(-6).
-2
Let v = 12 - 9. Suppose 5*t + 37 = v*g, 1 = 3*t + g + 26. Let i(k) be the second derivative of -k**4/12 - 7*k**3/6 - 4*k**2 - 2202*k. Determine i(t).
-16
Let q(i) be the first derivative of i**2 + 13*i + 1051. What is q(-6)?
1
Let v(n) = n**3 - 9*n**2 + 19*n - 2. Suppose 5*b - 29*a = -26*